inder when 42 is divided by n?
20
Let l(b) = -2*b + 15. Suppose 5*c = -2*r + 37, -r - c = 4*r - 81. What is the remainder when l(-8) is divided by r?
15
Suppose -1113 = -5*h + 2*z, -450 = -2*h - 0*h + 2*z. Calculate the remainder when h is divided by 45.
41
Suppose -4*t = -4*j + 8, -j + 4*t - 1 = 2*t. Let m(n) = -6*n**3 - 3 + 2 + n**2 - 11*n**3. Calculate the remainder when m(-1) is divided by j.
2
Let k = -1 + 4. Suppose 18 = 5*x + k. What is the remainder when 10 is divided by x?
1
Let o(x) = x**3 - 5*x**2 + 6*x - 6. Let t be o(4). Let u(h) = 8*h - 3. Suppose -5 = -5*y + 20. What is the remainder when u(t) is divided by y?
3
Suppose 0 = -6*x + 225 + 9. Calculate the remainder when x is divided by 21.
18
Suppose 4*t = 5*t - 4. Suppose 0 = 4*v + 5*g + 2 - 5, t*g + 6 = v. Suppose -5*o = 5*n - 30, v*o - 6 = -0. What is the remainder when 8 is divided by n?
2
Let s = -14 + 26. What is the remainder when (-23)/(-1)*(-2)/(-2) is divided by s?
11
Let y(i) = i**2 - i - 4. What is the remainder when 62 is divided by y(-4)?
14
Suppose 0 = 3*q + 5*c - 65, -2*q + q - 3*c = -15. Calculate the remainder when q is divided by 17.
13
Suppose 4*a - 56 = -4*r + 2*r, -52 = -4*r + 4*a. What is the remainder when 50 is divided by r?
14
Let k = 10 - 5. Suppose -z + 2*t - 5 = 2, -4*z - 4*t + 32 = 0. Suppose z*o + 14 = 4*o. What is the remainder when o is divided by k?
4
Calculate the remainder when 33 is divided by (-2 - -19) + (0 - 0/(-1)).
16
Suppose 2*r = r + 19. Let h be ((-76)/6)/(1/(-3)). Suppose 0 = -5*w - k - 2 + h, 0 = 3*w - 5*k - 16. What is the remainder when r is divided by w?
5
Calculate the remainder when 41 is divided by (-240)/(-17) + 22/(-187).
13
Let v be 0*3/(-6) - 3. Calculate the remainder when 74 is divided by v/(3/(-5))*5.
24
Calculate the remainder when 336/3 + 2 + (2 - 2) is divided by 17.
12
Calculate the remainder when 103 + 0 + -4 + 3 is divided by 18.
12
Let p(x) = -2*x + 2. Let q = 13 - 8. Let l be p(q). Let z = l - -20. What is the remainder when 23 is divided by z?
11
Suppose -j = -5*u - 6*j + 195, -5*u = -3*j - 171. Suppose 2*s = -s + u. Let o = 41 - 6. What is the remainder when o is divided by s?
11
Let f be 7/4 - 2/(-8). Calculate the remainder when 45 is divided by 1/f - 23/(-2).
9
Suppose 0 = -y - 11 + 26. Calculate the remainder when y is divided by 6.
3
Let m(c) be the second derivative of -c**5/20 - c**4/12 - c**3/2 - c**2/2 - c. Let b(u) = -2*u + 1. What is the remainder when m(-2) is divided by b(-2)?
4
Let q(f) = 2*f**2 - 30*f + 6. Calculate the remainder when 75 is divided by q(15).
3
Calculate the remainder when 185 is divided by (-61)/(-2) + 31/62.
30
Suppose -l + 4*l = 0. Suppose -3*m - z + 22 = l, 0 + 2 = -z. Calculate the remainder when 21 is divided by m.
5
Let w = -39 - -23. Let s = -9 - w. What is the remainder when 27 is divided by s?
6
Calculate the remainder when (-648)/(-20) - 2/5 is divided by 9.
5
Let m(b) = b**2 + 3*b - 6. Suppose 5*s - 99 + 24 = 0. What is the remainder when s is divided by m(2)?
3
Suppose -28 = -3*a + 17. Calculate the remainder when a is divided by 9.
6
Suppose j + 10 = -4*m, j - 2*m = -j + 20. Calculate the remainder when (j/(-4))/(2/(-68)) is divided by 13.
12
Suppose 30 = 2*t + t. Suppose t + 2 = 3*a. What is the remainder when 14 is divided by a?
2
Let c = 136 - 112. Calculate the remainder when c is divided by 5.
4
Suppose -241 = -3*d + 2*r + 6, 3*r + 329 = 4*d. What is the remainder when d is divided by (840/20)/(1*2)?
20
Let b(l) = -l**3 + 26*l**2 - 23*l - 33. Calculate the remainder when b(25) is divided by 6.
5
Let d = 26 + -15. Calculate the remainder when 20 is divided by d.
9
Suppose 2*z - 4*a - 82 = -3*z, 2*z + 3*a - 42 = 0. What is the remainder when z is divided by ((-3)/(-9))/((-3)/(-90))?
8
Let p(u) = -u - 7. Suppose -k + 0*k + 5*v + 15 = 0, -5*v = 2*k + 45. Let z be p(k). Suppose -4*m + 5 = -z*m. What is the remainder when 9 is divided by m?
4
Suppose -4*v + 902 = 7*v. Calculate the remainder when v is divided by 28.
26
Let a(h) = h**3 + 5*h**2 + 3*h - 3. Let w be a(-5). Calculate the remainder when (w/24)/(1/(-60)) is divided by 12.
9
Let v(t) = -4*t - 2. What is the remainder when 8 is divided by v(-1)?
0
Calculate the remainder when 75 is divided by ((-819)/12)/7*8/(-3).
23
Suppose -4*a = -5*r + 311 - 23, 2*a + 3*r + 166 = 0. Suppose 38 + 14 = 4*w. Calculate the remainder when 14/a + 554/22 is divided by w.
12
Let r = 76 - 48. What is the remainder when 165 is divided by r?
25
Suppose -4*i + 26 + 22 = 0. Suppose -2*w = -4*h + 150, -2*h + 38 = -3*w - 27. Calculate the remainder when h is divided by 166/i + (-1)/(-6).
12
Let v(u) = -3*u**3 + 21*u**2 + 27*u - 44. Let x(r) = -r**3 + 7*r**2 + 9*r - 15. Let g(h) = -3*v(h) + 8*x(h). What is the remainder when 7 is divided by g(8)?
3
Calculate the remainder when 394/9 + 14/(-63)*-1 is divided by 24.
20
What is the remainder when 16 is divided by 22*18/60 + 2/5?
2
Let k(q) = -5*q - 96. Calculate the remainder when k(-34) is divided by (-2)/(-7) + 131/7.
17
Let u(s) = -s**3 + 7*s**2 + 3. Let w be u(7). Suppose k + 5*l = -0*l + 24, 54 = w*k - 3*l. Calculate the remainder when 58 + -2 - 0/(-1) is divided by k.
18
Suppose 0 = q - 8. Let d(c) = c**3 - 5*c**2 - 11*c + 8. What is the remainder when d(7) is divided by q?
5
Suppose g + 5*o - 22 = 0, -3*g - 13 = -4*o - 155. Let m = g + 20. What is the remainder when m is divided by 32?
30
Calculate the remainder when (-4)/10 + (-574)/(-10) is divided by (2 + 14 - 3) + 2.
12
Let r be 2 + (2 - 3) + 1. Suppose -44 = -r*t + 128. Suppose -5*b - 1 = -t. What is the remainder when 50 is divided by b?
16
Let g = 78 + -38. Suppose -3*t - 3*j - 6 = 0, -4*j - 6 = -j. Suppose t*f - 70 = -5*f. What is the remainder when g is divided by f?
12
Let l(s) = -s - 3. Let a(o) = o**3 - 7*o**2 - o - 5. Let w be a(7). Calculate the remainder when 34 is divided by l(w).
7
Let u(k) = 4*k**2 + 8*k - 5. Calculate the remainder when u(3) is divided by 14.
13
Suppose y - 2*y + 76 = 0. Calculate the remainder when y is divided by 26.
24
Let f = 69 - 27. Let z = 71 - f. Suppose -27 = -4*m + z. What is the remainder when 41 is divided by m?
13
Suppose -2*b + b = 0. Let n(y) = -5*y + 3. Let c be n(-7). Suppose b = d + 2, 8*d - 3*d + c = 2*m. Calculate the remainder when m is divided by 5.
4
Suppose 0 = 5*i - i - 8. Suppose 3*p + 61 = 2*y, i*y - p = -y + 81. Calculate the remainder when y is divided by 14.
12
Let x = 3 + 2. Calculate the remainder when x is divided by 4/(((-4)/2)/(-2)).
1
Suppose 2*w - 7 = 2*v + 3, 3*w + 4*v + 13 = 0. What is the remainder when 40 is divided by (w - 1) + 84/6?
12
Let j be (-1)/4 + 45/20. Suppose 0 = 2*l + j*l - 28. What is the remainder when l is divided by 5?
2
Let y(h) = -5 + 4 + 13*h**2 + 16*h**2 + 0. What is the remainder when y(-1) is divided by 16?
12
Let n = 2 - -1. Let y = n - -9. Let g = -53 + 75. What is the remainder when g is divided by y?
10
Suppose -3*w + 2*w - 5 = 0, 20 = h + 2*w. Calculate the remainder when 59 is divided by h.
29
Let j = 8 + -10. What is the remainder when 4 is divided by (-2)/(-3)*(j + 5)?
0
Suppose -10*c + 399 = -301. What is the remainder when c is divided by 12?
10
Let f = 59 + -33. Calculate the remainder when 50 is divided by f.
24
Suppose 3*d = 13 + 2. What is the remainder when 14 is divided by d?
4
Suppose -10*a - 275 = -5*z - 7*a, -55 = -z + 2*a. What is the remainder when z is divided by 18?
1
Suppose 0 = 2*y - 3*x - 100, -x = -5*y - 28 + 304. Suppose 5*a - 24 - y = 4*c, -3*a = 2*c - 70. Calculate the remainder when 38 is divided by a.
18
Suppose -3*w + w + 134 = 0. What is the remainder when w is divided by 23?
21
Suppose -738 = -4*g - n + 2*n, -5*g = 3*n - 931. Suppose 7*q - g = 2*q. What is the remainder when q is divided by 13?
11
Suppose 0 = -4*n - 3*u + 50, 2*n - 3*u + 36 = 5*n. What is the remainder when 0/(-3 - -7) + 40 is divided by n?
12
Suppose 122 = 2*j - n - 46, 2*j - 176 = 3*n. Calculate the remainder when j is divided by 21.
19
Suppose -17 = 5*t + 8. Let s = 9 + t. Suppose -3*h + 6 = -c, 0 = c + s*h - 29 - 0. Calculate the remainder when c is divided by 5.
4
Let a = -144 + 203. Calculate the remainder when a is divided by 15.
14
Suppose -2*l = 2*r - 4*r - 6, 5 = 3*r + 4*l. Calculate the remainder when ((-4)/8)/((-1)/70) i